(-4)?
17
Let z(y) = y**3 - 6*y**2 + 4*y + 8. Determine z(6).
32
Let x(o) = -35*o - 3. Give x(1).
-38
Let l(c) = c**2 - 6*c + 6. What is l(4)?
-2
Let o(a) = a**2 - 44*a + 68. Give o(43).
25
Let r(d) = d**3 + 7*d**2 - 22*d - 9. Calculate r(-10).
-89
Let m(n) = 3*n - 52. Determine m(20).
8
Let q(c) = 15*c**2 + c - 1. Determine q(-1).
13
Let t(u) = 2*u**2 - 17*u - 7. What is t(8)?
-15
Let y(h) = h + 20. Determine y(-19).
1
Let d(c) = 14*c + 55. Calculate d(-4).
-1
Let w(g) = -5*g + 34. Give w(6).
4
Let u(q) = q**2 - 4*q - 10. Determine u(5).
-5
Let a(p) = p**3 - 9*p**2 - 9*p - 10. Calculate a(10).
0
Let g(v) = -34*v**3 - v - 1. Calculate g(-1).
34
Let k(q) = q**3 - 4*q**2 - 11*q - 3. Determine k(6).
3
Let c(n) = -n**2 - 27*n - 11. Determine c(-27).
-11
Let n(u) = 2*u**2 + 9*u - 25. Calculate n(3).
20
Let o(z) = -z**3 - 5*z**2 + 2*z - 19. What is o(0)?
-19
Let a(z) = -2*z + 26. Determine a(12).
2
Let s(v) = v**2 - 16*v + 43. What is s(13)?
4
Let r(y) = -y**3 - 9*y**2 - 14*y - 46. Calculate r(-8).
2
Let q(s) = -2*s + 2. Give q(-5).
12
Let x(o) = o + 13. Determine x(-11).
2
Let a(d) = d**3 - d**2 + d + 4. Determine a(0).
4
Let z(p) = 3*p - 25. Determine z(-8).
-49
Let f(b) = -b**3 + 9*b**2 - 10*b + 2. Calculate f(8).
-14
Let y(w) = w**3 + 5*w**2 + 4*w + 4. Give y(-3).
10
Let x(c) = 10*c - 20. Give x(6).
40
Let y(s) = s**3 + 39*s**2 - 2*s - 71. What is y(-39)?
7
Let l(d) = d**3 - 24*d**2 - 3*d + 54. Calculate l(24).
-18
Let h(b) = b**3 + 4*b**2 - 10*b - 9. Calculate h(-6).
-21
Let u(j) = 8*j + 103. What is u(-14)?
-9
Let n(o) = -o**2 - 19*o + 6. Give n(-14).
76
Let x(s) = s**3 - 11*s**2 - 38*s - 42. Give x(14).
14
Let j(c) = -c**2 + 7*c + 10. Give j(9).
-8
Let v(s) = -s + 3. Determine v(7).
-4
Let p(w) = w**3 + 11*w**2 + 9*w - 13. Give p(-10).
-3
Let o(u) = -u**3 + 2*u**2 - u - 4. Determine o(4).
-40
Let p(z) = -2*z**3 - 15*z**2 + 8*z - 6. What is p(-8)?
-6
Let j(v) = 2*v**3 + 6*v**2 + 3*v + 2. Calculate j(-4).
-42
Let o(t) = -t**3 - 18*t**2 + 65*t - 19. Determine o(-21).
-61
Let l(q) = -q**3 + 9*q**2 - 13*q - 16. Give l(6).
14
Let t(q) = -3*q**3 - 3*q**2 - q + 2. Calculate t(-3).
59
Let r(m) = -19*m - 2. Calculate r(1).
-21
Let b(o) = o**3 - 2*o**2 - 2*o. Give b(-2).
-12
Let b(j) = j**3 - 9*j**2 + 2. Give b(8).
-62
Let t(h) = h**2 + 3*h - 5. What is t(-6)?
13
Let a(k) = -k**3 + 7*k**2 - 2*k + 9. Calculate a(7).
-5
Let q(j) = 16*j**2 - 2*j - 2. What is q(2)?
58
Let j(x) = -x - 2. What is j(8)?
-10
Let v(w) = -w**3 - 12*w**2 + 3*w + 43. Give v(-12).
7
Let w(s) = 3*s + 2. Calculate w(-2).
-4
Let s(t) = 18*t - 2. Give s(1).
16
Let g(a) = a**3 - 2*a**2 - 21*a - 13. Calculate g(6).
5
Let u(o) = -o**2 + 17*o + 87. Calculate u(-4).
3
Let g(s) = -3*s**2 - 7*s - 3. Calculate g(-3).
-9
Let b(i) = i**3 - i**2 - i - 32. Determine b(0).
-32
Let w(m) = -m**3 - 18*m**2 + 2*m + 39. Calculate w(-18).
3
Let z(x) = -6*x - 1. What is z(-4)?
23
Let o(c) = c**3 + 16*c**2 - 34*c + 13. Determine o(-18).
-23
Let j(f) = -f**3 - 9*f**2 - f - 17. What is j(-7)?
-108
Let m(p) = 13*p - 175. Determine m(14).
7
Let n(h) = -h**3 + 9*h**2 - 20*h + 19. Calculate n(7).
-23
Let j(r) = r**2 - 3*r - 46. Give j(-5).
-6
Let d(t) = -6*t**3 + 2*t**2 - 2. Give d(-1).
6
Let k(l) = -l**2 + 9*l - 10. What is k(5)?
10
Let w(r) = -r**2 + 15. Calculate w(4).
-1
Let v(b) = -2*b**2 - b - 5. Give v(-3).
-20
Let i(j) = -j**3 - j**2 - 2*j + 8. Determine i(0).
8
Let l(i) = -3*i**2 + 7*i - 15. What is l(3)?
-21
Let t(a) = -a**3 - 9*a**2 - 5*a - 18. What is t(-8)?
-42
Let g(l) = -5*l - 239. What is g(-45)?
-14
Let x(w) = w**2 + w - 10. What is x(-4)?
2
Let c(b) = b - 1. Determine c(5).
4
Let m(y) = y**3 - 7*y**2 + 7*y + 22. What is m(5)?
7
Let j(h) = -h**2 - 3*h + 3. What is j(8)?
-85
Let z(g) = 3*g**3 + 76*g**2 + 21*g - 106. What is z(-25)?
-6
Let d(u) = -u**3 - 10*u**2 - 15*u - 13. Calculate d(-8).
-21
Let m(w) = w**3 - w. Give m(-1).
0
Let n(y) = 8*y**2 + 4*y + 2. Give n(-2).
26
Let a(k) = -k**3 + k**2 - 4*k + 5. Determine a(2).
-7
Let j(z) = 2*z**3 + 22*z**2 + 10*z. What is j(-10)?
100
Let t(i) = -i**2 + 18*i - 51. What is t(3)?
-6
Let v(c) = c + 7. Calculate v(-6).
1
Let g(o) = -3*o - 9. What is g(2)?
-15
Let t(f) = f**3 - 6*f**2 + 5*f + 8. What is t(5)?
8
Let y(x) = -22*x - 2. Give y(-2).
42
Let o(i) = -2*i**2 + 12*i + 14. What is o(0)?
14
Let b(s) = -s + 13. What is b(7)?
6
Let f(o) = -2*o**3 + 4*o**2 - 7*o + 5. Determine f(4).
-87
Let c(b) = 2*b - 3. What is c(-7)?
-17
Let f(v) = v + 16. Determine f(-11).
5
Let d(t) = t**3 - 6*t**2 + 6*t - 1. Determine d(5).
4
Let z(d) = -d**2 - 8*d - 2. What is z(-7)?
5
Let d(u) = -3*u**3 + 19*u**2 + 7*u - 2. Determine d(6).
76
Let a(o) = -o**3 - 3*o**2 - 6. Determine a(-3).
-6
Let n(v) = v**3 + 4*v**2 + 7*v + 13. What is n(-3)?
1
Let h(n) = n**3 - 5*n**2 - 4*n + 26. Calculate h(5).
6
Let s(n) = 28*n + 293. Give s(-10).
13
Let y(q) = q**3 - 4*q**2 + 4. Calculate y(4).
4
Let g(p) = -6*p - 5. Calculate g(6).
-41
Let l(x) = x**3 + 27*x**2 + 50*x - 46. Give l(-25).
-46
Let f(u) = 8*u + 168. What is f(-21)?
0
Let w(g) = -5*g - 39. Give w(-7).
-4
Let a(n) = 2*n - 8. Calculate a(0).
-8
Let b(p) = -p**2 + 17*p + 10. Calculate b(18).
-8
Let v(t) = -t**3 - 5*t**2 + 2*t + 1. What is v(-5)?
-9
Let d(r) = 15*r - 54. Calculate d(4).
6
Let n(m) = -m**2 + 15*m - 1. Give n(16).
-17
Let o(x) = 2*x - 6. What is o(-5)?
-16
Let o(k) = k**2 + 5*k - 2. Calculate o(0).
-2
Let w(r) = -5*r + 13. Calculate w(5).
-12
Let i(b) = -15*b**2 - 11*b + 25. What is i(3)?
-143
Let r(l) = 4*l + 2. What is r(-4)?
-14
Let u(f) = -6*f - 2. Determine u(2).
-14
Let o(r) = -r**2 - 19*r - 30. Give o(-17).
4
Let k(s) = -3*s**3 - 68*s**2 - 41*s + 60. What is k(-22)?
-6
Let h(z) = -6*z**3 - z**2 + z + 5. Determine h(-2).
47
Let n(a) = -a**3 - 13*a**2 + 13*a - 12. Give n(-14).
2
Let a(l) = l**3 + 17*l**2 + 12*l - 8. Give a(-16).
56
Let s(j) = -j**3 + 9*j**2 - 9*j + 23. Calculate s(8).
15
Let r(h) = h**2 - 3*h - 142. Calculate r(-11).
12
Let g(z) = -z**3 + 3*z**2 + 2*z - 2. Determine g(3).
4
Let o(j) = j**2 + 5*j - 12. Give o(-6).
-6
Let i(w) = 3*w + 5. Give i(-4).
-7
Let z(b) = b**3 + 5*b**2 + 66*b + 421. What is z(-6)?
-11
Let b(g) = 13*g + 317. Determine b(-23).
18
Let r(h) = -h**2 + 17*h - 2. What is r(21)?
-86
Let m(b) = 3*b - 42. Determine m(12).
-6
Let i(y) = -y**3 - 11*y**2 + 16*y + 4. Give i(-12).
-44
Let q(g) = 4*g + 2. Give q(2).
10
Let u(z) = -z**3 - 20*z**2 - 37*z - 4. Determine u(-18).
14
Let a(c) = -5*c + 4. Give a(1).
-1
Let r(s) = -2*s**3 + 4*s**2 - s - 4. Calculate r(2).
-6
Let m(j) = -j**3 - 7*j**2 + 8*j + 2. What is m(-6)?
-82
Let j(b) = b**3 + 9*b**2 + 6*b - 15. Give j(-7).
41
Let i(d) = -12*d + 99. Give i(8).
3
Let h(d) = -7*d**3 + 4*d**2 - 4*d. Give h(2).
-48
Let l(t) = -t**3 - 5*t**2 + 6*t + 7. Calculate l(-6).
7
Let k(x) = 125*x - 496. Determine k(4).
4
Let t(u) = u**3 + 6*u**2 - 8*u - 13. Determine t(-7).
-6
Let a(v) = v**2 - 13*v - 1. What is a(10)?
-31
Let d(b) = 2*b - 1. What is d(4)?
7
Let h(f) = 5*f - 13. Give h(13).
52
Let v(h) = 2*h**2 - h - 59. Calculate v(0).
-59
Let k(c) = c**3 + 3*c**2 - 58*c - 40. Determine k(-9).
-4
Let y(k) = -k**2 + 4*k - 6. Give y(4).
-6
Let p(o) = -o**2 + 18*o + 4. What is p(18)?
4
Let k(h) = 4*h**2 + 12*h - 9. Determine k(-4).
7
Let g(w) = -2*w**3 + 9*w**2 - 4*w - 6. Calculate g(3).
9
Let f(s) = 19*s + 153. Give f(-8).
1
Let c(d) = -d**3 - 10*d**2 - 18*d - 17. Calculate c(-7).
-38
Let r(y) = y**3 - 2*y**2 - 4*y + 2. What is r(3)?
-1
Let r(w) = w**3 - 6*w**2 - 18*w + 4. Give r(8).
-12
Let j(z) = z + 2. Calculate j(2).
4
Let i(o) = o**2 - 45*o + 5. Determine i(0).
5
Let l(p) = 2*p**2 - 18*p - 8. What is l(9)?
-8
Let i(j) = 2*j**3 + 4*j**2 + 4*j + 4. Calculate i(-2).
-4
Let f(j) = 3*j**2 - 3*j + 4. Give f(2).
10
Let f(x) = -x**3 - 9*x**2 + 6*x - 23. Determine f(-10).
17
Let c(z) = -2*z**2 - 37*z - 93. Give c(-3).
0
Let o(t) = 3*t + 47. Determine o(-15).
2
Let d(p) = p**3 + 10*p**2 - 2*p - 34. Calculate d(-10).
-14
Let n(y) = -y**3 + 3*y**2 - 6*y. Calculate n(4).
-40
Let t(h) = -2*h**2 - 13*h - 7. Give t(-6).
-1
Let y(t) = -3*t + 1. Calculate y(-14).
43
Let r(q) = -q - 4. Determine r(-13).
9
Let h(u) = u**3 + 15*u**2 - 17*u - 20. Determine h(-16).
-4
Let a(c) = 2*c**2 - 7*c - 15. Determine a(-6).
99
Let f(t) = -t**3 - 14*t**2 - 30*t - 80. What is f(-12)?